[INFO] cloning repository https://github.com/xorxornop/rust-cipher
[INFO] running `Command { std: "git" "-c" "credential.helper=" "-c" "credential.helper=/workspace/cargo-home/bin/git-credential-null" "clone" "--bare" "https://github.com/xorxornop/rust-cipher" "/workspace/cache/git-repos/https%3A%2F%2Fgithub.com%2Fxorxornop%2Frust-cipher", kill_on_drop: false }`
[INFO] [stderr] Cloning into bare repository '/workspace/cache/git-repos/https%3A%2F%2Fgithub.com%2Fxorxornop%2Frust-cipher'...
[INFO] running `Command { std: "git" "rev-parse" "HEAD", kill_on_drop: false }`
[INFO] [stdout] 7080b1b862b50f790809c1d0e6304fbb76f3c7ac
[INFO] building xorxornop/rust-cipher against master#ff34b919075f35a1787659e9c448a34b06bab8de for issue-85264
[INFO] running `Command { std: "git" "clone" "/workspace/cache/git-repos/https%3A%2F%2Fgithub.com%2Fxorxornop%2Frust-cipher" "/workspace/builds/worker-7/source", kill_on_drop: false }`
[INFO] [stderr] Cloning into '/workspace/builds/worker-7/source'...
[INFO] [stderr] done.
[INFO] validating manifest of git repo https://github.com/xorxornop/rust-cipher on toolchain ff34b919075f35a1787659e9c448a34b06bab8de
[INFO] running `Command { std: "/workspace/cargo-home/bin/cargo" "+ff34b919075f35a1787659e9c448a34b06bab8de" "metadata" "--manifest-path" "Cargo.toml" "--no-deps", kill_on_drop: false }`
[INFO] started tweaking git repo https://github.com/xorxornop/rust-cipher
[INFO] finished tweaking git repo https://github.com/xorxornop/rust-cipher
[INFO] tweaked toml for git repo https://github.com/xorxornop/rust-cipher written to /workspace/builds/worker-7/source/Cargo.toml
[INFO] crate git repo https://github.com/xorxornop/rust-cipher already has a lockfile, it will not be regenerated
[INFO] running `Command { std: "/workspace/cargo-home/bin/cargo" "+ff34b919075f35a1787659e9c448a34b06bab8de" "fetch" "--manifest-path" "Cargo.toml", kill_on_drop: false }`
[INFO] running `Command { std: "docker" "create" "-v" "/var/lib/crater-agent-workspace/builds/worker-7/target:/opt/rustwide/target:rw,Z" "-v" "/var/lib/crater-agent-workspace/builds/worker-7/source:/opt/rustwide/workdir:ro,Z" "-v" "/var/lib/crater-agent-workspace/cargo-home:/opt/rustwide/cargo-home:ro,Z" "-v" "/var/lib/crater-agent-workspace/rustup-home:/opt/rustwide/rustup-home:ro,Z" "-e" "SOURCE_DIR=/opt/rustwide/workdir" "-e" "CARGO_TARGET_DIR=/opt/rustwide/target" "-e" "CARGO_HOME=/opt/rustwide/cargo-home" "-e" "RUSTUP_HOME=/opt/rustwide/rustup-home" "-w" "/opt/rustwide/workdir" "-m" "1610612736" "--user" "0:0" "--network" "none" "ghcr.io/rust-lang/crates-build-env/linux@sha256:20528e8c29e4536546f0102ce88568b16ea7538393a33fcca951030f7af10457" "/opt/rustwide/cargo-home/bin/cargo" "+ff34b919075f35a1787659e9c448a34b06bab8de" "metadata" "--no-deps" "--format-version=1", kill_on_drop: false }`
[INFO] [stdout] cde7680a38f3fa22444b1c9d526b1449049a2ee5163f6aaa91fd8c73ec495b42
[INFO] [stderr] WARNING: Your kernel does not support swap limit capabilities or the cgroup is not mounted. Memory limited without swap.
[INFO] running `Command { std: "docker" "start" "-a" "cde7680a38f3fa22444b1c9d526b1449049a2ee5163f6aaa91fd8c73ec495b42", kill_on_drop: false }`
[INFO] running `Command { std: "docker" "inspect" "cde7680a38f3fa22444b1c9d526b1449049a2ee5163f6aaa91fd8c73ec495b42", kill_on_drop: false }`
[INFO] running `Command { std: "docker" "rm" "-f" "cde7680a38f3fa22444b1c9d526b1449049a2ee5163f6aaa91fd8c73ec495b42", kill_on_drop: false }`
[INFO] [stdout] cde7680a38f3fa22444b1c9d526b1449049a2ee5163f6aaa91fd8c73ec495b42
[INFO] running `Command { std: "docker" "create" "-v" "/var/lib/crater-agent-workspace/builds/worker-7/target:/opt/rustwide/target:rw,Z" "-v" "/var/lib/crater-agent-workspace/builds/worker-7/source:/opt/rustwide/workdir:ro,Z" "-v" "/var/lib/crater-agent-workspace/cargo-home:/opt/rustwide/cargo-home:ro,Z" "-v" "/var/lib/crater-agent-workspace/rustup-home:/opt/rustwide/rustup-home:ro,Z" "-e" "SOURCE_DIR=/opt/rustwide/workdir" "-e" "CARGO_TARGET_DIR=/opt/rustwide/target" "-e" "CARGO_INCREMENTAL=0" "-e" "RUST_BACKTRACE=full" "-e" "RUSTFLAGS=--cap-lints=forbid" "-e" "CARGO_HOME=/opt/rustwide/cargo-home" "-e" "RUSTUP_HOME=/opt/rustwide/rustup-home" "-w" "/opt/rustwide/workdir" "-m" "1610612736" "--user" "0:0" "--network" "none" "ghcr.io/rust-lang/crates-build-env/linux@sha256:20528e8c29e4536546f0102ce88568b16ea7538393a33fcca951030f7af10457" "/opt/rustwide/cargo-home/bin/cargo" "+ff34b919075f35a1787659e9c448a34b06bab8de" "build" "--frozen" "--message-format=json", kill_on_drop: false }`
[INFO] [stdout] 0332b274d1baa215e1342d80689ef9856ed6ab6e3071210b0325bf4724d8466b
[INFO] [stderr] WARNING: Your kernel does not support swap limit capabilities or the cgroup is not mounted. Memory limited without swap.
[INFO] running `Command { std: "docker" "start" "-a" "0332b274d1baa215e1342d80689ef9856ed6ab6e3071210b0325bf4724d8466b", kill_on_drop: false }`
[INFO] [stderr]    Compiling gcc v0.1.4
[INFO] [stderr]    Compiling rustc-serialize v0.2.7
[INFO] [stdout] error[E0432]: unresolved import `std::io::Command`
[INFO] [stdout]  --> /opt/rustwide/cargo-home/registry/src/github.com-1ecc6299db9ec823/gcc-0.1.4/src/lib.rs:3:5
[INFO] [stdout]   |
[INFO] [stdout] 3 | use std::io::Command;
[INFO] [stdout]   |     ^^^^^^^^^^^^^^^^ no `Command` in `io`
[INFO] [stdout] 
[INFO] [stdout] 
[INFO] [stdout] error[E0432]: unresolved import `std::io::process`
[INFO] [stdout]  --> /opt/rustwide/cargo-home/registry/src/github.com-1ecc6299db9ec823/gcc-0.1.4/src/lib.rs:4:14
[INFO] [stdout]   |
[INFO] [stdout] 4 | use std::io::process::InheritFd;
[INFO] [stdout]   |              ^^^^^^^ could not find `process` in `io`
[INFO] [stdout] 
[INFO] [stdout] 
[INFO] [stdout] error[E0432]: unresolved import `std::os::getenv`
[INFO] [stdout]   --> /opt/rustwide/cargo-home/registry/src/github.com-1ecc6299db9ec823/gcc-0.1.4/src/lib.rs:31:9
[INFO] [stdout]    |
[INFO] [stdout] 31 |     use std::os::getenv;
[INFO] [stdout]    |         ^^^^^^^^^^^^^^^ no `getenv` in `os`
[INFO] [stdout] 
[INFO] [stdout] 
[INFO] [stdout] error: expected expression, found `]`
[INFO] [stdout]    --> /opt/rustwide/cargo-home/registry/src/github.com-1ecc6299db9ec823/rustc-serialize-0.2.7/src/json.rs:630:39
[INFO] [stdout]     |
[INFO] [stdout] 630 |         let out = str::from_utf8(&buf[]).unwrap();
[INFO] [stdout]     |                                       ^ expected expression
[INFO] [stdout] 
[INFO] [stdout] 
[INFO] [stdout] error: expected expression, found `]`
[INFO] [stdout]    --> /opt/rustwide/cargo-home/registry/src/github.com-1ecc6299db9ec823/rustc-serialize-0.2.7/src/json.rs:901:39
[INFO] [stdout]     |
[INFO] [stdout] 901 |         let out = str::from_utf8(&buf[]).unwrap();
[INFO] [stdout]     |                                       ^ expected expression
[INFO] [stdout] 
[INFO] [stdout] 
[INFO] [stdout] error: expected expression, found `]`
[INFO] [stdout]     --> /opt/rustwide/cargo-home/registry/src/github.com-1ecc6299db9ec823/rustc-serialize-0.2.7/src/json.rs:1054:44
[INFO] [stdout]      |
[INFO] [stdout] 1054 |             Json::String(ref s) => Some(&s[]),
[INFO] [stdout]      |                                            ^ expected expression
[INFO] [stdout] 
[INFO] [stdout] 
[INFO] [stdout] error[E0433]: failed to resolve: could not find `fs` in `io`
[INFO] [stdout]    --> /opt/rustwide/cargo-home/registry/src/github.com-1ecc6299db9ec823/gcc-0.1.4/src/lib.rs:104:18
[INFO] [stdout]     |
[INFO] [stdout] 104 |         std::io::fs::mkdir_recursive(&obj.dir_path(), std::io::USER_RWX).unwrap();
[INFO] [stdout]     |                  ^^ could not find `fs` in `io`
[INFO] [stdout] 
[INFO] [stdout] 
[INFO] [stdout] error[E0412]: cannot find type `Path` in this scope
[INFO] [stdout]   --> /opt/rustwide/cargo-home/registry/src/github.com-1ecc6299db9ec823/gcc-0.1.4/src/lib.rs:10:34
[INFO] [stdout]    |
[INFO] [stdout] 10 |     pub include_directories: Vec<Path>,
[INFO] [stdout]    |                                  ^^^^ not found in this scope
[INFO] [stdout]    |
[INFO] [stdout] help: consider importing this struct
[INFO] [stdout]    |
[INFO] [stdout] 3  | use std::path::Path;
[INFO] [stdout]    |
[INFO] [stdout] 
[INFO] [stdout] 
[INFO] [stdout] error[E0412]: cannot find type `Path` in this scope
[INFO] [stdout]   --> /opt/rustwide/cargo-home/registry/src/github.com-1ecc6299db9ec823/gcc-0.1.4/src/lib.rs:14:22
[INFO] [stdout]    |
[INFO] [stdout] 14 |     pub objects: Vec<Path>,
[INFO] [stdout]    |                      ^^^^ not found in this scope
[INFO] [stdout]    |
[INFO] [stdout] help: consider importing this struct
[INFO] [stdout]    |
[INFO] [stdout] 3  | use std::path::Path;
[INFO] [stdout]    |
[INFO] [stdout] 
[INFO] [stdout] 
[INFO] [stdout] error[E0433]: failed to resolve: use of undeclared type `Path`
[INFO] [stdout]   --> /opt/rustwide/cargo-home/registry/src/github.com-1ecc6299db9ec823/gcc-0.1.4/src/lib.rs:99:15
[INFO] [stdout]    |
[INFO] [stdout] 99 |     let src = Path::new(getenv("CARGO_MANIFEST_DIR").unwrap());
[INFO] [stdout]    |               ^^^^ not found in this scope
[INFO] [stdout]    |
[INFO] [stdout] help: consider importing this struct
[INFO] [stdout]    |
[INFO] [stdout] 3  | use std::path::Path;
[INFO] [stdout]    |
[INFO] [stdout] 
[INFO] [stdout] 
[INFO] [stdout] error[E0433]: failed to resolve: use of undeclared type `Path`
[INFO] [stdout]    --> /opt/rustwide/cargo-home/registry/src/github.com-1ecc6299db9ec823/gcc-0.1.4/src/lib.rs:100:15
[INFO] [stdout]     |
[INFO] [stdout] 100 |     let dst = Path::new(getenv("OUT_DIR").unwrap());
[INFO] [stdout]     |               ^^^^ not found in this scope
[INFO] [stdout]     |
[INFO] [stdout] help: consider importing this struct
[INFO] [stdout]     |
[INFO] [stdout] 3   | use std::path::Path;
[INFO] [stdout]     |
[INFO] [stdout] 
[INFO] [stdout] 
[INFO] [stdout] error[E0425]: cannot find value `USER_RWX` in module `std::io`
[INFO] [stdout]    --> /opt/rustwide/cargo-home/registry/src/github.com-1ecc6299db9ec823/gcc-0.1.4/src/lib.rs:104:64
[INFO] [stdout]     |
[INFO] [stdout] 104 |         std::io::fs::mkdir_recursive(&obj.dir_path(), std::io::USER_RWX).unwrap();
[INFO] [stdout]     |                                                                ^^^^^^^^ not found in `std::io`
[INFO] [stdout] 
[INFO] [stdout] 
[INFO] [stdout] error: expected expression, found `]`
[INFO] [stdout]     --> /opt/rustwide/cargo-home/registry/src/github.com-1ecc6299db9ec823/rustc-serialize-0.2.7/src/json.rs:2149:63
[INFO] [stdout]      |
[INFO] [stdout] 2149 |         let idx = match names.iter().position(|n| *n == &name[]) {
[INFO] [stdout]      |                   ----- while parsing this match expression   ^ expected expression
[INFO] [stdout] 
[INFO] [stdout] 
[INFO] [stdout] error: expected expression, found `]`
[INFO] [stdout]     --> /opt/rustwide/cargo-home/registry/src/github.com-1ecc6299db9ec823/rustc-serialize-0.2.7/src/json.rs:3359:43
[INFO] [stdout]      |
[INFO] [stdout] 3359 |         let json_str = from_utf8(&mem_buf[]).unwrap();
[INFO] [stdout]      |                                           ^ expected expression
[INFO] [stdout] 
[INFO] [stdout] 
[INFO] [stdout] error: expected expression, found `]`
[INFO] [stdout]     --> /opt/rustwide/cargo-home/registry/src/github.com-1ecc6299db9ec823/rustc-serialize-0.2.7/src/json.rs:3375:43
[INFO] [stdout]      |
[INFO] [stdout] 3375 |         let json_str = from_utf8(&mem_buf[]).unwrap();
[INFO] [stdout]      |                                           ^ expected expression
[INFO] [stdout] 
[INFO] [stdout] 
[INFO] [stdout] error: invalid suffix `us` for number literal
[INFO] [stdout]     --> /opt/rustwide/cargo-home/registry/src/github.com-1ecc6299db9ec823/rustc-serialize-0.2.7/src/json.rs:3410:27
[INFO] [stdout]      |
[INFO] [stdout] 3410 |         for i in range(0, 4us) {
[INFO] [stdout]      |                           ^^^ invalid suffix `us`
[INFO] [stdout]      |
[INFO] [stdout]      = help: the suffix must be one of the numeric types (`u32`, `isize`, `f32`, etc.)
[INFO] [stdout] 
[INFO] [stdout] 
[INFO] [stdout] error: expected expression, found `]`
[INFO] [stdout]     --> /opt/rustwide/cargo-home/registry/src/github.com-1ecc6299db9ec823/rustc-serialize-0.2.7/src/json.rs:3415:45
[INFO] [stdout]      |
[INFO] [stdout] 3415 |             let printed = from_utf8(&writer[]).unwrap();
[INFO] [stdout]      |                                             ^ expected expression
[INFO] [stdout] 
[INFO] [stdout] 
[INFO] [stdout] error: invalid suffix `us` for number literal
[INFO] [stdout]     --> /opt/rustwide/cargo-home/registry/src/github.com-1ecc6299db9ec823/rustc-serialize-0.2.7/src/json.rs:3791:42
[INFO] [stdout]      |
[INFO] [stdout] 3791 |         tree_map.insert("a".to_string(), 1us);
[INFO] [stdout]      |                                          ^^^ invalid suffix `us`
[INFO] [stdout]      |
[INFO] [stdout]      = help: the suffix must be one of the numeric types (`u32`, `isize`, `f32`, etc.)
[INFO] [stdout] 
[INFO] [stdout] 
[INFO] [stdout] error: invalid suffix `us` for number literal
[INFO] [stdout]     --> /opt/rustwide/cargo-home/registry/src/github.com-1ecc6299db9ec823/rustc-serialize-0.2.7/src/json.rs:3795:42
[INFO] [stdout]      |
[INFO] [stdout] 3795 |         hash_map.insert("a".to_string(), 1us);
[INFO] [stdout]      |                                          ^^^ invalid suffix `us`
[INFO] [stdout]      |
[INFO] [stdout]      = help: the suffix must be one of the numeric types (`u32`, `isize`, `f32`, etc.)
[INFO] [stdout] 
[INFO] [stdout] 
[INFO] [stdout] error[E0282]: type annotations needed
[INFO] [stdout]   --> /opt/rustwide/cargo-home/registry/src/github.com-1ecc6299db9ec823/gcc-0.1.4/src/lib.rs:22:34
[INFO] [stdout]    |
[INFO] [stdout] 22 |             include_directories: Vec::new(),
[INFO] [stdout]    |                                  ^^^^^^^^ cannot infer type for type parameter `T`
[INFO] [stdout] 
[INFO] [stdout] 
[INFO] [stdout] error[E0463]: can't find crate for `unicode`
[INFO] [stdout]   --> /opt/rustwide/cargo-home/registry/src/github.com-1ecc6299db9ec823/rustc-serialize-0.2.7/src/lib.rs:23:1
[INFO] [stdout]    |
[INFO] [stdout] 23 | extern crate unicode;
[INFO] [stdout]    | ^^^^^^^^^^^^^^^^^^^^^ can't find crate
[INFO] [stdout] 
[INFO] [stdout] 
[INFO] [stdout] error: aborting due to 11 previous errors
[INFO] [stdout] 
[INFO] [stdout] 
[INFO] [stdout] For more information about this error, try `rustc --explain E0463`.
[INFO] [stdout] 
[INFO] [stderr] error: could not compile `rustc-serialize`
[INFO] [stderr] 
[INFO] [stderr] To learn more, run the command again with --verbose.
[INFO] [stderr] warning: build failed, waiting for other jobs to finish...
[INFO] [stdout] error[E0599]: no method named `as_slice` found for struct `String` in the current scope
[INFO] [stdout]   --> /opt/rustwide/cargo-home/registry/src/github.com-1ecc6299db9ec823/gcc-0.1.4/src/lib.rs:59:43
[INFO] [stdout]    |
[INFO] [stdout] 59 |     let mut cmd = Command::new(gcc(target.as_slice()));
[INFO] [stdout]    |                                           ^^^^^^^^ method not found in `String`
[INFO] [stdout] 
[INFO] [stdout] 
[INFO] [stdout] error[E0599]: no method named `as_slice` found for struct `String` in the current scope
[INFO] [stdout]   --> /opt/rustwide/cargo-home/registry/src/github.com-1ecc6299db9ec823/gcc-0.1.4/src/lib.rs:65:15
[INFO] [stdout]    |
[INFO] [stdout] 65 |     if target.as_slice().contains("-ios") {
[INFO] [stdout]    |               ^^^^^^^^ method not found in `String`
[INFO] [stdout] 
[INFO] [stdout] 
[INFO] [stdout] error[E0599]: no method named `as_slice` found for struct `String` in the current scope
[INFO] [stdout]   --> /opt/rustwide/cargo-home/registry/src/github.com-1ecc6299db9ec823/gcc-0.1.4/src/lib.rs:66:35
[INFO] [stdout]    |
[INFO] [stdout] 66 |         cmd.args(ios_flags(target.as_slice()).as_slice());
[INFO] [stdout]    |                                   ^^^^^^^^ method not found in `String`
[INFO] [stdout] 
[INFO] [stdout] 
[INFO] [stdout] error[E0599]: no method named `as_slice` found for struct `String` in the current scope
[INFO] [stdout]   --> /opt/rustwide/cargo-home/registry/src/github.com-1ecc6299db9ec823/gcc-0.1.4/src/lib.rs:72:19
[INFO] [stdout]    |
[INFO] [stdout] 72 |         if target.as_slice().contains("i686") {
[INFO] [stdout]    |                   ^^^^^^^^ method not found in `String`
[INFO] [stdout] 
[INFO] [stdout] 
[INFO] [stdout] error[E0599]: no method named `as_slice` found for struct `String` in the current scope
[INFO] [stdout]   --> /opt/rustwide/cargo-home/registry/src/github.com-1ecc6299db9ec823/gcc-0.1.4/src/lib.rs:74:26
[INFO] [stdout]    |
[INFO] [stdout] 74 |         } else if target.as_slice().contains("x86_64") {
[INFO] [stdout]    |                          ^^^^^^^^ method not found in `String`
[INFO] [stdout] 
[INFO] [stdout] 
[INFO] [stdout] error[E0599]: no method named `as_slice` found for struct `String` in the current scope
[INFO] [stdout]   --> /opt/rustwide/cargo-home/registry/src/github.com-1ecc6299db9ec823/gcc-0.1.4/src/lib.rs:78:20
[INFO] [stdout]    |
[INFO] [stdout] 78 |         if !target.as_slice().contains("i686") {
[INFO] [stdout]    |                    ^^^^^^^^ method not found in `String`
[INFO] [stdout] 
[INFO] [stdout] 
[INFO] [stdout] error[E0599]: no method named `as_slice` found for struct `String` in the current scope
[INFO] [stdout]    --> /opt/rustwide/cargo-home/registry/src/github.com-1ecc6299db9ec823/gcc-0.1.4/src/lib.rs:110:32
[INFO] [stdout]     |
[INFO] [stdout] 110 |     run(Command::new(ar(target.as_slice())).arg("crus")
[INFO] [stdout]     |                                ^^^^^^^^ method not found in `String`
[INFO] [stdout] 
[INFO] [stdout] 
[INFO] [stdout] error[E0599]: no method named `slice` found for reference `&str` in the current scope
[INFO] [stdout]    --> /opt/rustwide/cargo-home/registry/src/github.com-1ecc6299db9ec823/gcc-0.1.4/src/lib.rs:115:36
[INFO] [stdout]     |
[INFO] [stdout] 115 |              dst.display(), output.slice(3, output.len() - 2));
[INFO] [stdout]     |                                    ^^^^^ method not found in `&str`
[INFO] [stdout] 
[INFO] [stdout] 
[INFO] [stdout] error[E0599]: no method named `as_slice` found for struct `String` in the current scope
[INFO] [stdout]    --> /opt/rustwide/cargo-home/registry/src/github.com-1ecc6299db9ec823/gcc-0.1.4/src/lib.rs:140:57
[INFO] [stdout]     |
[INFO] [stdout] 140 |     let res = getenv(format!("{}_{}", var_base, target).as_slice())
[INFO] [stdout]     |                                                         ^^^^^^^^ method not found in `String`
[INFO] [stdout] 
[INFO] [stdout] 
[INFO] [stdout] error[E0599]: no method named `as_slice` found for struct `String` in the current scope
[INFO] [stdout]    --> /opt/rustwide/cargo-home/registry/src/github.com-1ecc6299db9ec823/gcc-0.1.4/src/lib.rs:141:65
[INFO] [stdout]     |
[INFO] [stdout] 141 |         .or_else(|| getenv(format!("{}_{}", var_base, target_u).as_slice()))
[INFO] [stdout]     |                                                                 ^^^^^^^^ method not found in `String`
[INFO] [stdout] 
[INFO] [stdout] 
[INFO] [stdout] error[E0599]: no method named `as_slice` found for struct `String` in the current scope
[INFO] [stdout]    --> /opt/rustwide/cargo-home/registry/src/github.com-1ecc6299db9ec823/gcc-0.1.4/src/lib.rs:142:61
[INFO] [stdout]     |
[INFO] [stdout] 142 |         .or_else(|| getenv(format!("{}_{}", kind, var_base).as_slice()))
[INFO] [stdout]     |                                                             ^^^^^^^^ method not found in `String`
[INFO] [stdout] 
[INFO] [stdout] 
[INFO] [stdout] error[E0599]: no method named `find_str` found for reference `&str` in the current scope
[INFO] [stdout]    --> /opt/rustwide/cargo-home/registry/src/github.com-1ecc6299db9ec823/gcc-0.1.4/src/lib.rs:152:29
[INFO] [stdout]     |
[INFO] [stdout] 152 |     let is_android = target.find_str("android").is_some();
[INFO] [stdout]     |                             ^^^^^^^^ method not found in `&str`
[INFO] [stdout] 
[INFO] [stdout] 
[INFO] [stdout] error[E0599]: no method named `find_str` found for reference `&str` in the current scope
[INFO] [stdout]    --> /opt/rustwide/cargo-home/registry/src/github.com-1ecc6299db9ec823/gcc-0.1.4/src/lib.rs:164:29
[INFO] [stdout]     |
[INFO] [stdout] 164 |     let is_android = target.find_str("android").is_some();
[INFO] [stdout]     |                             ^^^^^^^^ method not found in `&str`
[INFO] [stdout] 
[INFO] [stdout] 
[INFO] [stdout] error[E0599]: no method named `as_slice` found for struct `String` in the current scope
[INFO] [stdout]    --> /opt/rustwide/cargo-home/registry/src/github.com-1ecc6299db9ec823/gcc-0.1.4/src/lib.rs:175:9
[INFO] [stdout]     |
[INFO] [stdout] 175 |        .as_slice().words().map(|s| s.to_string())
[INFO] [stdout]     |         ^^^^^^^^ method not found in `String`
[INFO] [stdout] 
[INFO] [stdout] 
[INFO] [stdout] error[E0599]: no method named `as_slice` found for struct `String` in the current scope
[INFO] [stdout]    --> /opt/rustwide/cargo-home/registry/src/github.com-1ecc6299db9ec823/gcc-0.1.4/src/lib.rs:222:23
[INFO] [stdout]     |
[INFO] [stdout] 222 |     res.push(sdk_path.as_slice().trim());
[INFO] [stdout]     |                       ^^^^^^^^ method not found in `String`
[INFO] [stdout] 
[INFO] [stdout] 
[INFO] [stdout] error: aborting due to 25 previous errors
[INFO] [stdout] 
[INFO] [stdout] 
[INFO] [stdout] Some errors have detailed explanations: E0282, E0412, E0425, E0432, E0433, E0599.
[INFO] [stdout] 
[INFO] [stdout] For more information about an error, try `rustc --explain E0282`.
[INFO] [stdout] 
[INFO] [stderr] error: build failed
[INFO] running `Command { std: "docker" "inspect" "0332b274d1baa215e1342d80689ef9856ed6ab6e3071210b0325bf4724d8466b", kill_on_drop: false }`
[INFO] running `Command { std: "docker" "rm" "-f" "0332b274d1baa215e1342d80689ef9856ed6ab6e3071210b0325bf4724d8466b", kill_on_drop: false }`
[INFO] [stdout] 0332b274d1baa215e1342d80689ef9856ed6ab6e3071210b0325bf4724d8466b
